{"id":2434,"date":"2016-11-21T12:20:20","date_gmt":"2016-11-21T12:20:20","guid":{"rendered":"http:\/\/www.teamobility.de\/?page_id=2434"},"modified":"2025-04-29T18:40:35","modified_gmt":"2025-04-29T17:40:35","slug":"themen-kompetenz","status":"publish","type":"page","link":"https:\/\/www.teamobility.de\/startseite\/themen-kompetenz\/","title":{"rendered":"Themen Kompetenz"},"content":{"rendered":"\t\t<div data-elementor-type=\"wp-page\" data-elementor-id=\"2434\" class=\"elementor elementor-2434\" data-elementor-post-type=\"page\">\n\t\t\t\t\t\t<section class=\"elementor-section elementor-top-section elementor-element elementor-element-579fd84c elementor-section-stretched elementor-section-boxed elementor-section-height-default elementor-section-height-default\" data-id=\"579fd84c\" data-element_type=\"section\" data-e-type=\"section\" data-settings=\"{&quot;stretch_section&quot;:&quot;section-stretched&quot;,&quot;background_background&quot;:&quot;classic&quot;}\">\n\t\t\t\t\t\t<div class=\"elementor-container elementor-column-gap-default\">\n\t\t\t\t\t<div class=\"elementor-column elementor-col-100 elementor-top-column elementor-element elementor-element-186e8fb2\" data-id=\"186e8fb2\" data-element_type=\"column\" data-e-type=\"column\">\n\t\t\t<div class=\"elementor-widget-wrap elementor-element-populated\">\n\t\t\t\t\t\t<div class=\"elementor-element elementor-element-6f2bbcd9 elementor-widget elementor-widget-text-editor\" data-id=\"6f2bbcd9\" data-element_type=\"widget\" data-e-type=\"widget\" data-widget_type=\"text-editor.default\">\n\t\t\t\t<div class=\"elementor-widget-container\">\n\t\t\t\t\t\t\t\t\t<h3>Ultra Low Emission Parcel Services<\/h3><p class=\"p2\">E-Commerce nimmt immer mehr zu, verbunden damit der erforderliche Versorgungs-Verkehr zu den individuellen Adressen \u2013 daf\u00fcr entwickeln wir ganzheitliche Eco-Systeme und neuartige Fahrzeuge.<\/p><h3>Ultra Low Emission Island Transportation<\/h3><p class=\"p2\">Besonders auf Ferieninseln und anderen Feriengebieten ist steigendes Interesse und koninuierlich zunehmender Bedarf an Ultra Low Emission Mobility \u2013 wir haben die passenden Gesamtsysteme dafu\u0308r!<\/p><h3>Ultra Low Emission Airport Transportation<\/h3><p class=\"p2\">Alle Flugh\u00e4fen brauchen klimaschonende Mobilit\u00e4t und Transportmittel fu\u0308r ihre speziellen Eins\u00e4tze \u2013 wir entwickeln die passenden Systeme dafu\u0308r!<\/p><h3 class=\"p2\">Ultra Low Emission Urban Mobility<\/h3><p class=\"p2\">St\u00e4dte und Kommunen achten verst\u00e4rkt auf saubere Luft und weniger Verkehrsl\u00e4rm \u2013 wir stellen mit unseren Ultra Low Emission Transportmitteln und Systeml\u00f6sungen individuelle Mobilit\u00e4t auch zuku\u0308nftig sicher.<\/p><h3>Ultra Low Emission Leisure Mobility<\/h3><p class=\"p2\">Bei Freizeitaktivit\u00e4ten und auf Urlaubsreisen ist der Wunsch nach individueller Ultra Low Emission Mobility sehr ausgepr\u00e4gt \u2013 wir arbeiten an solchen Fahrzeugen und vernetzenden Infrastrukturen.<\/p><h3>Ultra Low Emission Special Vehicle Services<\/h3><p class=\"p2\">Spezielle Anforderungen im Personen- und Warentransport erfordern spezielle Fahrzeuge und Dienstleistungen \u2013 wir liefern die passenden Fahrzeugkonzepte und Gesamtsysteml\u00f6sungen.<\/p>\t\t\t\t\t\t\t\t<\/div>\n\t\t\t\t<\/div>\n\t\t\t\t\t<\/div>\n\t\t<\/div>\n\t\t\t\t\t<\/div>\n\t\t<\/section>\n\t\t\t\t<\/div>\n\t\t","protected":false},"excerpt":{"rendered":"<p>Ultra Low Emission Parcel Services E-Commerce nimmt immer mehr zu, verbunden damit der erforderliche Versorgungs-Verkehr zu den individuellen Adressen \u2013 daf\u00fcr entwickeln wir ganzheitliche Eco-Systeme und neuartige Fahrzeuge. Ultra Low Emission Island Transportation Besonders auf Ferieninseln und anderen Feriengebieten ist steigendes Interesse und koninuierlich zunehmender Bedarf an Ultra Low Emission Mobility \u2013 wir haben die &hellip; <\/p>\n<p class=\"link-more\"><a href=\"https:\/\/www.teamobility.de\/startseite\/themen-kompetenz\/\" class=\"more-link\"><span class=\"screen-reader-text\">\u201eThemen Kompetenz\u201c <\/span>weiterlesen<\/a><\/p>\n","protected":false},"author":2,"featured_media":0,"parent":0,"menu_order":0,"comment_status":"closed","ping_status":"closed","template":"elementor_header_footer","meta":{"_exactmetrics_skip_tracking":false,"_exactmetrics_sitenote_active":false,"_exactmetrics_sitenote_note":"","_exactmetrics_sitenote_category":0,"footnotes":""},"class_list":["post-2434","page","type-page","status-publish","hentry"],"_links":{"self":[{"href":"https:\/\/www.teamobility.de\/startseite\/wp-json\/wp\/v2\/pages\/2434","targetHints":{"allow":["GET"]}}],"collection":[{"href":"https:\/\/www.teamobility.de\/startseite\/wp-json\/wp\/v2\/pages"}],"about":[{"href":"https:\/\/www.teamobility.de\/startseite\/wp-json\/wp\/v2\/types\/page"}],"author":[{"embeddable":true,"href":"https:\/\/www.teamobility.de\/startseite\/wp-json\/wp\/v2\/users\/2"}],"replies":[{"embeddable":true,"href":"https:\/\/www.teamobility.de\/startseite\/wp-json\/wp\/v2\/comments?post=2434"}],"version-history":[{"count":35,"href":"https:\/\/www.teamobility.de\/startseite\/wp-json\/wp\/v2\/pages\/2434\/revisions"}],"predecessor-version":[{"id":8116,"href":"https:\/\/www.teamobility.de\/startseite\/wp-json\/wp\/v2\/pages\/2434\/revisions\/8116"}],"wp:attachment":[{"href":"https:\/\/www.teamobility.de\/startseite\/wp-json\/wp\/v2\/media?parent=2434"}],"curies":[{"name":"wp","href":"https:\/\/api.w.org\/{rel}","templated":true}]}}