{"id":5960,"date":"2021-11-11T17:41:35","date_gmt":"2021-11-11T16:41:35","guid":{"rendered":"https:\/\/www.teamobility.de\/startseite\/?page_id=5960"},"modified":"2024-05-02T15:01:24","modified_gmt":"2024-05-02T14:01:24","slug":"aktivitaetenumfang","status":"publish","type":"page","link":"https:\/\/www.teamobility.de\/startseite\/aktivitaetenumfang\/","title":{"rendered":"Aktivit\u00e4tenumfang"},"content":{"rendered":"\t\t<div data-elementor-type=\"wp-page\" data-elementor-id=\"5960\" class=\"elementor elementor-5960\" data-elementor-post-type=\"page\">\n\t\t\t\t\t\t<section class=\"elementor-section elementor-top-section elementor-element elementor-element-af7cae4 elementor-section-full_width elementor-section-height-min-height elementor-section-stretched elementor-section-height-default elementor-section-items-middle\" data-id=\"af7cae4\" data-element_type=\"section\" data-e-type=\"section\" data-settings=\"{&quot;stretch_section&quot;:&quot;section-stretched&quot;,&quot;background_background&quot;:&quot;video&quot;,&quot;background_video_link&quot;:&quot;http:\\\/\\\/www.teamobility.de\\\/wp-content\\\/uploads\\\/2021\\\/11\\\/Zeitrafferclip-fuer-Webpage300.mp4&quot;,&quot;background_video_start&quot;:-10}\">\n\t\t\t\t\t\t\t\t<div class=\"elementor-background-video-container elementor-hidden-mobile\">\n\t\t\t\t\t\t\t\t\t\t\t\t\t<video class=\"elementor-background-video-hosted\" role=\"presentation\" autoplay muted playsinline loop><\/video>\n\t\t\t\t\t\t\t\t\t\t\t<\/div>\n\t\t\t\t\t\t\t\t<div class=\"elementor-container elementor-column-gap-default\">\n\t\t\t\t\t<div class=\"elementor-column elementor-col-50 elementor-top-column elementor-element elementor-element-46353bb elementor-invisible\" data-id=\"46353bb\" data-element_type=\"column\" data-e-type=\"column\" data-settings=\"{&quot;animation&quot;:&quot;fadeInLeft&quot;}\">\n\t\t\t<div class=\"elementor-widget-wrap elementor-element-populated\">\n\t\t\t\t\t\t<div class=\"elementor-element elementor-element-b7d6841 elementor-widget elementor-widget-image\" data-id=\"b7d6841\" data-element_type=\"widget\" data-e-type=\"widget\" data-widget_type=\"image.default\">\n\t\t\t\t<div class=\"elementor-widget-container\">\n\t\t\t\t\t\t\t\t\t\t\t\t\t\t\t<img fetchpriority=\"high\" decoding=\"async\" width=\"1170\" height=\"679\" src=\"https:\/\/www.teamobility.de\/wp-content\/uploads\/2021\/11\/2021_11_10_TMO-Activities-Support-1-1170x679.jpg\" class=\"attachment-large size-large wp-image-5967\" alt=\"\" srcset=\"https:\/\/www.teamobility.de\/wp-content\/uploads\/2021\/11\/2021_11_10_TMO-Activities-Support-1-1170x679.jpg 1170w, https:\/\/www.teamobility.de\/wp-content\/uploads\/2021\/11\/2021_11_10_TMO-Activities-Support-1-300x174.jpg 300w, https:\/\/www.teamobility.de\/wp-content\/uploads\/2021\/11\/2021_11_10_TMO-Activities-Support-1-1536x892.jpg 1536w, https:\/\/www.teamobility.de\/wp-content\/uploads\/2021\/11\/2021_11_10_TMO-Activities-Support-1-2048x1189.jpg 2048w\" sizes=\"100vw\" \/>\t\t\t\t\t\t\t\t\t\t\t\t\t\t\t<\/div>\n\t\t\t\t<\/div>\n\t\t\t\t\t<\/div>\n\t\t<\/div>\n\t\t\t\t<div class=\"elementor-column elementor-col-50 elementor-top-column elementor-element elementor-element-4bea074 elementor-invisible\" data-id=\"4bea074\" data-element_type=\"column\" data-e-type=\"column\" data-settings=\"{&quot;animation&quot;:&quot;fadeInRight&quot;}\">\n\t\t\t<div class=\"elementor-widget-wrap elementor-element-populated\">\n\t\t\t\t\t\t<div class=\"elementor-element elementor-element-6a0d3d2 elementor-widget elementor-widget-heading\" data-id=\"6a0d3d2\" data-element_type=\"widget\" data-e-type=\"widget\" data-widget_type=\"heading.default\">\n\t\t\t\t<div class=\"elementor-widget-container\">\n\t\t\t\t\t<h2 class=\"elementor-heading-title elementor-size-default\">TEAMOBILITY bietet Aktivit\u00e4ten und Support \u00fcber die gesamte Automotive Wertsch\u00f6pfungskette<\/h2>\t\t\t\t<\/div>\n\t\t\t\t<\/div>\n\t\t\t\t\t<\/div>\n\t\t<\/div>\n\t\t\t\t\t<\/div>\n\t\t<\/section>\n\t\t\t\t<\/div>\n\t\t","protected":false},"excerpt":{"rendered":"<p>TEAMOBILITY bietet Aktivit\u00e4ten und Support \u00fcber die gesamte Automotive Wertsch\u00f6pfungskette<\/p>\n","protected":false},"author":2,"featured_media":0,"parent":0,"menu_order":0,"comment_status":"closed","ping_status":"closed","template":"elementor_header_footer","meta":{"_exactmetrics_skip_tracking":false,"_exactmetrics_sitenote_active":false,"_exactmetrics_sitenote_note":"","_exactmetrics_sitenote_category":0,"footnotes":""},"class_list":["post-5960","page","type-page","status-publish","hentry"],"_links":{"self":[{"href":"https:\/\/www.teamobility.de\/startseite\/wp-json\/wp\/v2\/pages\/5960","targetHints":{"allow":["GET"]}}],"collection":[{"href":"https:\/\/www.teamobility.de\/startseite\/wp-json\/wp\/v2\/pages"}],"about":[{"href":"https:\/\/www.teamobility.de\/startseite\/wp-json\/wp\/v2\/types\/page"}],"author":[{"embeddable":true,"href":"https:\/\/www.teamobility.de\/startseite\/wp-json\/wp\/v2\/users\/2"}],"replies":[{"embeddable":true,"href":"https:\/\/www.teamobility.de\/startseite\/wp-json\/wp\/v2\/comments?post=5960"}],"version-history":[{"count":28,"href":"https:\/\/www.teamobility.de\/startseite\/wp-json\/wp\/v2\/pages\/5960\/revisions"}],"predecessor-version":[{"id":7796,"href":"https:\/\/www.teamobility.de\/startseite\/wp-json\/wp\/v2\/pages\/5960\/revisions\/7796"}],"wp:attachment":[{"href":"https:\/\/www.teamobility.de\/startseite\/wp-json\/wp\/v2\/media?parent=5960"}],"curies":[{"name":"wp","href":"https:\/\/api.w.org\/{rel}","templated":true}]}}